n base 9, what is 7584 - -572?
8266
In base 7, what is 21003 + 402210?
423213
In base 3, what is 2112101002100 + 22?
2112101002122
In base 16, what is c4c - -253bb?
26007
In base 3, what is -100200 + -221100101112?
-221100202012
In base 13, what is a4645 - -20?
a4665
In base 7, what is -16330 + -322342?
-342002
In base 15, what is -4 - 124b277?
-124b27b
In base 7, what is 52303054 - -23?
52303110
In base 16, what is -2 + -49d09?
-49d0b
In base 5, what is -3313 - -1414?
-1344
In base 6, what is -510014 - 324?
-510342
In base 2, what is 101110101111110 + -1001111100010101?
-100000110010111
In base 7, what is 10 - -2212431?
2212441
In base 9, what is 7 - 4081713?
-4081705
In base 8, what is -1134335 + 541?
-1133574
In base 15, what is 146c42 - 1eb?
146a46
In base 15, what is 8665 + -13?
8652
In base 7, what is -2106022 + 134?
-2105555
In base 6, what is -34531 - 453151?
-532122
In base 14, what is -182aaa5 + -57?
-182ab1c
In base 8, what is 37304 - -1011?
40315
In base 5, what is 200440022433 - 3?
200440022430
In base 6, what is -103550 - -51012?
-12534
In base 15, what is -12ebdc - -7e?
-12eb5d
In base 11, what is -15a + -280a42?
-2810a1
In base 3, what is -100000220221222001 - -11?
-100000220221221220
In base 12, what is 175 + 62a698?
62a851
In base 11, what is 4 - -4219a7a6?
4219a7aa
In base 6, what is 3 + 3100403003?
3100403010
In base 3, what is -12 + -10221202120021?
-10221202120110
In base 10, what is -3 + -6889045?
-6889048
In base 14, what is 350 + 1941?
1c91
In base 11, what is 0 + 15363719?
15363719
In base 2, what is -111100111100111111001101 + -100?
-111100111100111111010001
In base 6, what is -15 - -2422211?
2422152
In base 16, what is 2 + -559d651?
-559d64f
In base 4, what is -12121130 - 10311213?
-23033003
In base 14, what is 63840 - -5?
63845
In base 16, what is -5b - -113def?
113d94
In base 7, what is -113415 + -426?
-114144
In base 10, what is 2 + -12391992?
-12391990
In base 15, what is -832c - -a3?
-8279
In base 11, what is -1309a661 + -4?
-1309a665
In base 15, what is 86b8c + -a?
86b82
In base 10, what is 35764583 - -5?
35764588
In base 10, what is -681488 + 136?
-681352
In base 9, what is 5327483641 - 5?
5327483635
In base 8, what is 240376241 - -2?
240376243
In base 2, what is 1010000100110 + 11110010011?
1101110111001
In base 6, what is -40535312 - -4333?
-40530535
In base 13, what is 118 - -a7cc7?
a8112
In base 7, what is -6202666 + 154?
-6202512
In base 12, what is -6 + 214767?
214761
In base 12, what is -14 - 36a72?
-36a86
In base 10, what is 32893 + -49?
32844
In base 4, what is -11 - -302010003303?
302010003232
In base 6, what is 200513 + -230?
200243
In base 3, what is 10001201012110110 - 1?
10001201012110102
In base 16, what is 2cb9d - -1a7?
2cd44
In base 2, what is 11000010000110000111111 + 11?
11000010000110001000010
In base 3, what is 10 + -1121112012020211?
-1121112012020201
In base 13, what is -556 - 26936?
-2718c
In base 15, what is -21 + -63c07?
-63c28
In base 12, what is 10a - 1751839?
-175172b
In base 14, what is -349b57 + 1?
-349b56
In base 13, what is -6230 + 985?
-5578
In base 6, what is -131 + 13322505?
13322334
In base 9, what is -151 - 6107?
-6258
In base 11, what is 2980a766 - 0?
2980a766
In base 3, what is 1101010112000010 + -22?
1101010111222211
In base 6, what is -42421031 - -15?
-42421012
In base 4, what is 1210131132123121 + 3?
1210131132123130
In base 5, what is -1301032103 + 1?
-1301032102
In base 4, what is 10033210221322 - -31?
10033210222013
In base 7, what is -413 - -255150?
254434
In base 7, what is -2633626214 + -1?
-2633626215
In base 7, what is 10 + -6330064?
-6330054
In base 4, what is -2002 + -13301331?
-13303333
In base 10, what is 33827136 - -5?
33827141
In base 4, what is -11012122 - 3013?
-11021201
In base 6, what is 1304304253 - -2?
1304304255
In base 6, what is -145432245 + 1?
-145432244
In base 8, what is -1313316 - 0?
-1313316
In base 4, what is -102 - -2020321310?
2020321202
In base 7, what is 2434643 - -520?
2435463
In base 5, what is 243 - 10212024?
-10211231
In base 15, what is e3 + 9171b?
9180e
In base 8, what is 66676466 + 53?
66676541
In base 6, what is 5101504033 + -1?
5101504032
In base 2, what is 1101001100000011 + -10001?
1101001011110010
In base 8, what is -53 + -474171?
-474244
In base 14, what is 129a307 - 2?
129a305
In base 8, what is -261 + -54043?
-54324
In base 16, what is 1fc - -143f?
163b
In base 2, what is -1110011100011011 - 10010011001?
-1110101110110100
In base 12, what is -198 + 698020?
697a44
In base 6, what is -3 + 14321051435?
14321051432
In base 5, what is -1023203 + -1210?
-1024413
In base 3, what is -20011000202121 - 122?
-20011000210020
In base 13, what is c7 + 2287?
2381
In base 5, what is 3 + 322113411?
322113414
In base 7, what is 24340 - -3522?
31162
In base 11, what is 14 - -17a919?
17a932
In base 3, what is 10 - 21122212100110?
-21122212100100
In base 15, what is 705 - -2144e?
21b54
In base 4, what is 10032 - 10222111?
-10212013
In base 8, what is 42147311 + -4?
42147305
In base 14, what is -2c4 + -cd7c?
-d262
In base 4, what is 11 - -22010103130?
22010103201
In base 12, what is 1b3a37 + -2?
1b3a35
In base 7, what is 26001 + 3460?
32461
In base 3, what is -11 + -2001111112221?
-2001111120002
In base 4, what is 11 + -102021222230111?
-102021222230100
In base 11, what is 169326 - 33?
1692a3
In base 8, what is -22565 - 521?
-23306
In base 10, what is 2 - -24277540?
24277542
In base 3, what is -222122121021 - 1000?
-222122122021
In base 7, what is -1214624656 + -2?
-1214624661
In base 16, what is -3 + 61392a?
613927
In base 9, what is -211 - 731740?
-732051
In base 3, what is -120 + 11001101220002120?
11001101220002000
In base 10, what is 861864 + 66?
861930
In base 12, what is -68435 + 109?
-68328
In base 9, what is -323 + 20674?
20351
In base 13, what is -3558600 - -2?
-35585cb
In base 13, what is 31 + -24c7947?
-24c7916
In base 4, what is -1023213 - -323031?
-100122
In base 14, what is 34a1 - 2076?
1429
In base 3, what is 102 + -110221021121022?
-110221021120220
In base 3, what is 101 - 200210122010?
-200210121202
In base 2, what is -100010010 + 1100000110001?
1011100011111
In base 13, what is b2a98 + 96?
b2b61
In base 16, what is 1 - -7a561c?
7a561d
In base 9, what is 652010366 - 0?
652010366
In base 16, what is -50cb + -2f?
-50fa
In base 10, what is -5144570 - 13?
-5144583
In base 8, what is -232 + 7153172?
7152740
In base 14, what is 38 - -33a20?
33a58
In base 9, what is -54148525 - -21?
-54148504
In base 13, what is 1196b2 - 3?
1196ac
In base 15, what is 2 - -73b38b?
73b38d
In base 15, what is -5a3 + 10e0b?
10858
In base 5, what is 330223 + 3021?
333244
In base 13, what is -2b + 24a6bb?
24a690
In base 12, what is 662 - a3749?
-a30a7
In base 7, what is 11 - -66431540?
66431551
In base 3, what is -222221202210021 + 12?
-222221202210002
In base 4, what is 221122330001 + -3?
221122323332
In base 15, what is 1a4 - -2372?
2526
In base 4, what is -10013112 + -30212?
-10103330
In base 7, what is -4 + 4651341502?
4651341465
In base 12, what is 1b35aa83b - -4?
1b35aa843
In base 8, what is -2 + 13132040?
13132036
In base 8, what is 5 + -133502467?
-133502462
In base 16, what is -7 - -4cf57?
4cf50
In base 7, what is -6 + -101053202?
-101053211
In base 13, what is -12515 - -108?
-1240a
In base 4, what is -101032212333 + 11?
-101032212322
In base 6, what is -2 + -350023534?
-350023540
In base 16, what is -71786c - 0?
-71786c
In base 14, what is -40a397 - 0?
-40a397
In base 15, what is e - 347b87?
-347b78
In base 10, what is -626358 + -79?
-626437
In base 8, what is -3215 + 577?
-2416
In base 9, what is -4310 + -27447?
-32757
In base 12, what is 3115a - 1015?
30145
In base 8, what is -52377 + -54210?
-126607
In base 10, what is 606283 + -87?
606196
In base 6, what is -25350551 + 44?
-25350503
In base 4, what is -10321 - 121320300?
-121331221
In base 13, what is -2 - 3162ba3?
-3162ba5
In base 14, what is -2 + -16cd35a?
-16cd35c
In base 16, what is 1880309 - 5?
1880304
In base 13, what is -327 + 213592?
213268
In base 3, what is 0 - -101020221111222?
101020221111222
In base 4, what is 2011032 - -133130?
2210222
In base 12, what is 2 - -2912b93?
2912b95
In base 3, what is 1112001 + -1102012001?
-1100200000
In base 12, what is a4 - 729999?
-7298b5
